at are the prime factors of 29858446?
2, 14929223
What are the prime factors of 7623741?
3, 23, 313, 353
What are the prime factors of 71707?
71707
List the prime factors of 407601.
3, 45289
List the prime factors of 449871.
3, 17, 8821
What are the prime factors of 589020?
2, 3, 5, 9817
List the prime factors of 4856.
2, 607
What are the prime factors of 9032552?
2, 1033, 1093
List the prime factors of 543201.
3, 17, 10651
What are the prime factors of 952618?
2, 331, 1439
What are the prime factors of 2802327?
3, 11, 84919
List the prime factors of 612893.
769, 797
What are the prime factors of 14699008?
2, 19, 1511
What are the prime factors of 21648?
2, 3, 11, 41
What are the prime factors of 30901?
13, 2377
List the prime factors of 436061.
436061
List the prime factors of 115123.
115123
What are the prime factors of 251640?
2, 3, 5, 233
What are the prime factors of 1325368?
2, 11, 15061
What are the prime factors of 6619577?
1861, 3557
What are the prime factors of 24925?
5, 997
List the prime factors of 224064.
2, 3, 389
List the prime factors of 35811040.
2, 5, 41, 53, 103
List the prime factors of 34529.
11, 43, 73
What are the prime factors of 72105?
3, 5, 11, 19, 23
What are the prime factors of 6761695?
5, 59, 22921
List the prime factors of 562651.
562651
What are the prime factors of 25454477?
353, 72109
List the prime factors of 1488282.
2, 3, 17, 14591
What are the prime factors of 265058?
2, 132529
What are the prime factors of 502484?
2, 125621
List the prime factors of 930036.
2, 3, 17, 47, 97
List the prime factors of 277675.
5, 29, 383
List the prime factors of 1019451.
3, 339817
What are the prime factors of 7685926?
2, 3842963
List the prime factors of 473899.
473899
List the prime factors of 4930179.
3, 109, 15077
What are the prime factors of 1003608?
2, 3, 53, 263
List the prime factors of 624020.
2, 5, 41, 761
What are the prime factors of 522626?
2, 13, 20101
List the prime factors of 1394485.
5, 151, 1847
What are the prime factors of 90468?
2, 3, 7, 359
List the prime factors of 162619.
137, 1187
What are the prime factors of 2483?
13, 191
List the prime factors of 1105358.
2, 43, 12853
List the prime factors of 512482.
2, 17, 15073
What are the prime factors of 220765?
5, 67, 659
What are the prime factors of 948324?
2, 3, 13, 6079
List the prime factors of 600326.
2, 300163
What are the prime factors of 336055?
5, 67211
What are the prime factors of 4007868?
2, 3, 333989
What are the prime factors of 718050?
2, 3, 5, 4787
What are the prime factors of 136806?
2, 3, 151
What are the prime factors of 6669303?
3, 2223101
List the prime factors of 20811631.
19, 1095349
What are the prime factors of 99644?
2, 29, 859
What are the prime factors of 50681?
59, 859
List the prime factors of 482916.
2, 3, 7, 5749
What are the prime factors of 10256072?
2, 1282009
What are the prime factors of 914330?
2, 5, 91433
What are the prime factors of 6711496?
2, 11, 53, 1439
List the prime factors of 7254061.
619, 11719
What are the prime factors of 5727476?
2, 1431869
List the prime factors of 177126.
2, 3, 53, 557
What are the prime factors of 3845996?
2, 7, 11, 12487
What are the prime factors of 1945215?
3, 5, 1601
What are the prime factors of 931464?
2, 3, 17, 761
List the prime factors of 588397.
588397
List the prime factors of 11245704.
2, 3, 17, 43, 641
List the prime factors of 4429818.
2, 3, 431, 571
List the prime factors of 300448.
2, 41, 229
List the prime factors of 207968.
2, 67, 97
What are the prime factors of 1939014?
2, 3, 7, 11, 1399
List the prime factors of 1568450.
2, 5, 13, 19, 127
List the prime factors of 668203.
668203
What are the prime factors of 1813394?
2, 11, 139, 593
List the prime factors of 5482630.
2, 5, 548263
What are the prime factors of 25093434?
2, 3, 4182239
What are the prime factors of 1635702?
2, 3, 179, 1523
What are the prime factors of 338731?
338731
List the prime factors of 2536193.
11, 230563
What are the prime factors of 1135302?
2, 3, 7, 27031
What are the prime factors of 366762?
2, 3, 11, 5557
What are the prime factors of 50854?
2, 47, 541
List the prime factors of 11383152.
2, 3, 11, 21559
What are the prime factors of 1234991?
1234991
List the prime factors of 591719.
17, 34807
List the prime factors of 12553477.
12553477
What are the prime factors of 412868?
2, 103217
What are the prime factors of 1987746?
2, 3, 61, 5431
List the prime factors of 344291.
344291
What are the prime factors of 3831386?
2, 13, 23, 43, 149
What are the prime factors of 10335605?
5, 7, 197, 1499
What are the prime factors of 261652?
2, 65413
What are the prime factors of 8789792?
2, 11, 24971
List the prime factors of 439826.
2, 47, 4679
What are the prime factors of 2048713?
19, 107827
What are the prime factors of 1100098?
2, 550049
List the prime factors of 1707891.
3, 19, 83
List the prime factors of 24601631.
31, 793601
List the prime factors of 112338.
2, 3, 79
What are the prime factors of 4573967?
29, 109, 1447
What are the prime factors of 35664?
2, 3, 743
What are the prime factors of 8692898?
2, 131, 33179
List the prime factors of 25103445.
3, 5, 1673563
List the prime factors of 12621850.
2, 5, 41, 47, 131
What are the prime factors of 5350413?
3, 29, 89, 691
What are the prime factors of 536036?
2, 29, 4621
What are the prime factors of 2960520?
2, 3, 5, 24671
What are the prime factors of 866950?
2, 5, 7, 2477
List the prime factors of 422487.
3, 13, 23, 157
What are the prime factors of 648208?
2, 11, 29, 127
What are the prime factors of 1166134?
2, 97, 6011
What are the prime factors of 6418973?
11, 583543
List the prime factors of 486887.
23, 21169
List the prime factors of 76582.
2, 11, 59
List the prime factors of 116374.
2, 31, 1877
What are the prime factors of 217786?
2, 108893
What are the prime factors of 3871?
7, 79
What are the prime factors of 1254251?
1254251
List the prime factors of 11794541.
11, 1072231
What are the prime factors of 133905?
3, 5, 79, 113
List the prime factors of 23331.
3, 7, 11, 101
List the prime factors of 1002610.
2, 5, 7, 14323
List the prime factors of 15251231.
23, 663097
List the prime factors of 297334.
2, 148667
What are the prime factors of 570714?
2, 3, 73, 1303
List the prime factors of 6241190.
2, 5, 624119
What are the prime factors of 3022913?
23, 131431
List the prime factors of 113934.
2, 3, 17, 1117
List the prime factors of 25367135.
5, 73, 69499
List the prime factors of 8987094.
2, 3, 499283
What are the prime factors of 401844?
2, 3, 33487
List the prime factors of 3243906.
2, 3, 17, 10601
List the prime factors of 864833.
193, 4481
What are the prime factors of 39766?
2, 59, 337
List the prime factors of 200582.
2, 100291
List the prime factors of 2234952.
2, 3, 3449
List the prime factors of 15831.
3, 1759
What are the prime factors of 1507946?
2, 11, 68543
What are the prime factors of 29627418?
2, 3, 4937903
List the prime factors of 3716223.
3, 7, 271, 653
What are the prime factors of 3928387?
347, 11321
List the prime factors of 25122630.
2, 3, 5, 13, 37, 1741
What are the prime factors of 3319929?
3, 368881
What are the prime factors of 13385642?
2, 43, 317, 491
What are the prime factors of 283240?
2, 5, 73, 97
List the prime factors of 206922.
2, 3, 34487
What are the prime factors of 148744?
2, 18593
List the prime factors of 4641232.
2, 107, 2711
What are the prime factors of 165755?
5, 33151
List the prime factors of 23258607.
3, 37, 317, 661
List the prime factors of 174103.
151, 1153
List the prime factors of 37487159.
17, 79, 103, 271
List the prime factors of 1686281.
17, 281, 353
List the prime factors of 8039354.
2, 31, 127, 1021
What are the prime factors of 14679740?
2, 5, 31, 23677
List the prime factors of 6053630.
2, 5, 11, 5003
What are the prime factors of 7526150?
2, 5, 150523
What are the prime factors of 161246?
2, 37, 2179
What are the prime factors of 4761052?
2, 1190263
List the prime factors of 6982450.
2, 5, 73, 1913
List the prime factors of 2961701.
19, 97, 1607
What are the prime factors of 547519?
7, 17, 43, 107
What are the prime factors of 2001327?
3, 19, 35111
List the prime factors of 4956605.
5, 17, 58313
List the prime factors of 4230388.
2, 19, 55663
List the prime factor